 9680.
884
Calculate the remainder when 13846225 is divided by 564.
25
What is the remainder when 3693823 is divided by 47?
46
What is the remainder when 76061 is divided by 72?
29
Calculate the remainder when 9100209 is divided by 58711.
4
Calculate the remainder when 765110 is divided by 29423.
112
Calculate the remainder when 17548 is divided by 3180.
1648
What is the remainder when 530991 is divided by 328?
287
Calculate the remainder when 18639 is divided by 24.
15
Calculate the remainder when 22121 is divided by 770.
561
Calculate the remainder when 1593938 is divided by 1893.
32
What is the remainder when 4384620 is divided by 1338?
1332
Calculate the remainder when 166400 is divided by 1449.
1214
What is the remainder when 20543423 is divided by 1382?
1375
Calculate the remainder when 287844 is divided by 47613.
2166
What is the remainder when 17968402 is divided by 1029?
4
What is the remainder when 175678262 is divided by 129?
128
What is the remainder when 134483317 is divided by 16810414?
5
What is the remainder when 2837012164 is divided by 274?
272
Calculate the remainder when 786391 is divided by 1430.
1321
Calculate the remainder when 286489 is divided by 7957.
37
What is the remainder when 115417 is divided by 28826?
113
What is the remainder when 2221941 is divided by 317414?
43
Calculate the remainder when 1687005 is divided by 2503.
2486
Calculate the remainder when 95571 is divided by 13612.
287
Calculate the remainder when 30926398 is divided by 490894.
76
Calculate the remainder when 160920 is divided by 642.
420
Calculate the remainder when 66195427 is divided by 19.
16
Calculate the remainder when 20960724 is divided by 80.
4
What is the remainder when 1962246 is divided by 490555?
26
Calculate the remainder when 331222 is divided by 29743.
4049
Calculate the remainder when 1308596 is divided by 37.
17
What is the remainder when 18715558 is divided by 8252?
22
What is the remainder when 260550 is divided by 154?
136
Calculate the remainder when 14472660 is divided by 17.
16
Calculate the remainder when 3165913 is divided by 182.
23
What is the remainder when 105790 is divided by 906?
694
Calculate the remainder when 787526 is divided by 87360.
1286
What is the remainder when 17818715 is divided by 579?
569
What is the remainder when 2796058 is divided by 437?
132
What is the remainder when 132725 is divided by 3594?
3341
What is the remainder when 659219 is divided by 38763?
248
What is the remainder when 1963432 is divided by 327226?
76
What is the remainder when 8322 is divided by 8314?
8
Calculate the remainder when 3135992 is divided by 3.
2
What is the remainder when 18848822 is divided by 9910?
2
What is the remainder when 129225 is divided by 298?
191
Calculate the remainder when 10944056 is divided by 1299.
1280
What is the remainder when 720270 is divided by 530?
0
Calculate the remainder when 73070 is divided by 18144.
494
Calculate the remainder when 1028389 is divided by 621.
13
What is the remainder when 30942 is divided by 587?
418
What is the remainder when 3348636 is divided by 836944?
860
Calculate the remainder when 91307719 is divided by 14.
13
Calculate the remainder when 1212852 is divided by 51.
21
What is the remainder when 159620119 is divided by 673?
671
Calculate the remainder when 17825469 is divided by 938182.
11
What is the remainder when 8987533 is divided by 97?
95
Calculate the remainder when 70827818 is divided by 266.
264
What is the remainder when 2087276 is divided by 37?
32
What is the remainder when 36706091 is divided by 67?
7
What is the remainder when 42459 is divided by 5087?
1763
Calculate the remainder when 8770399 is divided by 7.
1
Calculate the remainder when 38720868 is divided by 45.
33
Calculate the remainder when 40128224 is divided by 1437.
1436
Calculate the remainder when 395695 is divided by 8602.
3
Calculate the remainder when 3772252 is divided by 943060.
12
Calculate the remainder when 816307 is divided by 130.
37
Calculate the remainder when 1132429 is divided by 813.
733
Calculate the remainder when 201005 is divided by 13384.
245
What is the remainder when 5427772 is divided by 3991?
12
Calculate the remainder when 177876 is divided by 22234.
4
What is the remainder when 26849846 is divided by 24?
14
What is the remainder when 14049966 is divided by 74?
30
Calculate the remainder when 31485 is divided by 31431.
54
What is the remainder when 1034020 is divided by 8991?
55
Calculate the remainder when 144637934 is divided by 145.
144
Calculate the remainder when 13368229 is divided by 2228035.
19
What is the remainder when 84831 is divided by 3015?
411
What is the remainder when 768689 is divided by 3062?
127
Calculate the remainder when 5510 is divided by 4480.
1030
Calculate the remainder when 1886962 is divided by 21.
7
What is the remainder when 595447 is divided by 595431?
16
What is the remainder when 18941579 is divided by 27?
26
What is the remainder when 28110 is divided by 27858?
252
Calculate the remainder when 69590865 is divided by 1132.
33
Calculate the remainder when 344250 is divided by 728.
634
Calculate the remainder when 242445 is divided by 1289.
113
What is the remainder when 1927625 is divided by 703?
702
Calculate the remainder when 8087780 is divided by 492.
284
What is the remainder when 161564673 is divided by 70?
53
What is the remainder when 122328444 is divided by 759804?
0
What is the remainder when 1296733 is divided by 757?
749
Calculate the remainder when 14431119 is divided by 1167.
1164
Calculate the remainder when 23659 is divided by 4625.
534
Calculate the remainder when 4219958 is divided by 112.
22
Calculate the remainder when 805083297 is divided by 45.
42
Calculate the remainder when 30319 is divided by 1386.
1213
What is the remainder when 124460 is divided by 3888?
44
Calculate the remainder when 2836332 is divided by 3493.
16
Calculate the remainder when 235403 is divided by 57011.
7359
Calculate the remainder when 20973 is divided by 126.
57
Calculate the remainder when 85844 is divided by 7727.
847
What is the remainder when 38299428 is divided by 911891?
6
What is the remainder when 26706220 is divided by 16?
12
Calculate the remainder when 2673756 is divided by 267374.
16
Calculate the remainder when 376279 is divided by 1588.
1511
What is the remainder when 840764 is divided by 382?
364
What is the remainder when 12184 is divided by 12167?
17
What is the remainder when 497191 is divided by 910?
331
What is the remainder when 4743905 is divided by 97?
23
What is the remainder when 92986 is divided by 508?
22
Calculate the remainder when 4279301 is divided by 475477.
8
What is the remainder when 74643992 is divided by 34162?
22
Calculate the remainder when 96050891 is divided by 53.
51
What is the remainder when 125636939 is divided by 180?
179
What is the remainder when 110012 is divided by 54429?
1154
What is the remainder when 3743006 is divided by 270?
266
What is the remainder when 527411659 is divided by 4610?
4609
Calculate the remainder when 148117 is divided by 1266.
1261
What is the remainder when 1778708 is divided by 11?
8
Calculate the remainder when 5747539 is divided by 649.
644
Calculate the remainder when 231414 is divided by 38.
32
Calculate the remainder when 11839 is divided by 11582.
257
What is the remainder when 1256793 is divided by 2277?
2166
What is the remainder when 1225569837 is divided by 47?
46
What is the remainder when 2688048 is divided by 2688048?
0
What is the remainder when 468933 is divided by 13729?
2147
Calculate the remainder when 23383734 is divided by 44.
22
What is the remainder when 104871 is divided by 9384?
1647
What is the remainder when 605246 is divided by 962?
148
Calculate the remainder when 18074174 is divided by 865.
864
Calculate the remainder when 565983 is divided by 4462.
3771
What is the remainder when 720532 is divided by 37919?
71
Calculate the remainder when 278090 is divided by 175.
15
What is the remainder when 21699518 is divided by 54?
50
Calculate the remainder when 627061 is divided by 156761.
17
Calculate the remainder when 993233 is divided by 403.
241
Calculate the remainder when 10587099 is divided by 10587097.
2
Calculate the remainder wh